{"id":7274,"date":"2019-03-14T12:16:42","date_gmt":"2019-03-14T11:16:42","guid":{"rendered":"https:\/\/swiss-soroptimist.ch\/event\/16-06-2019-frauenlauf-bern\/"},"modified":"2019-03-14T12:32:21","modified_gmt":"2019-03-14T11:32:21","slug":"16-06-2019-course-feminine-de-berne","status":"publish","type":"tribe_events","link":"https:\/\/swiss-soroptimist.ch\/fr\/event\/16-06-2019-course-feminine-de-berne\/","title":{"rendered":"16.06.2019 | Course F\u00e9minine de Berne"},"content":{"rendered":"<h3><strong>Soroptimist \u00e0 la Course F\u00e9minine de Berne : courir et donner !<\/strong><\/h3>\n<p>Le 16 juin 2019 aura lieu la Course F\u00e9minine de Berne <a href=\"https:\/\/www.frauenlauf.ch\/?lang=fr\">(Frauenlauf).<\/a> Cette ann\u00e9e les soroptimistes participent \u00e0 la course pour le \u00ab\u00a0<a href=\"https:\/\/swiss-soroptimist.ch\/fr\/portfolio-items\/projet-de-lunion-2018-2020\/\"><em>projet de l\u2019Union \u00ab\u00a0Les femmes osent\u00a0!\u00a0\u00bb<\/em><\/a> et soutiennent avec chaque kilom\u00e8tre parcouru l\u2019organisation <a href=\"https:\/\/www.medicamondiale.org\/\"><em>medica mondiale<\/em><\/a>, qui s\u2019investit pour les femmes et jeunes filles dans les r\u00e9gions de guerre ou en crise. Chaque coureuse s\u2019engage avant la manifestation \u00e0 trouver des sponsors pour un ou plusieurs kilom\u00e8tres de course et verse le montant directement par le club \u00e0 l\u2019Union. Tous nos remerciements pour vos dons\u00a0!<\/p>\n<p>Nous nous r\u00e9jouissons de votre participation ! Naturellement les non-coureuses sont aussi les bienvenues pour nous encourager sur le parcours. Cliquez <a href=\"https:\/\/www.frauenlauf.ch\/link-dinscription?lang=fr\">ici<\/a> pour vous inscrire<\/p>\n<p>&nbsp;<\/p>\n<p>Plus d&rsquo;informations\u00a0: <a href=\"mailto:comcom@swiss-soroptimist.ch\">comcom@swiss-soroptimist.ch<\/a><\/p>\n<p><a href=\"https:\/\/swiss-soroptimist.ch\/wp-content\/uploads\/2019\/03\/Frauenlauf-2018.jpg\"><img decoding=\"async\" class=\"aligncenter size-full wp-image-7282\" src=\"https:\/\/swiss-soroptimist.ch\/wp-content\/uploads\/2019\/03\/Frauenlauf-2018.jpg\" alt=\"\" width=\"1200\" height=\"906\" srcset=\"https:\/\/swiss-soroptimist.ch\/wp-content\/uploads\/2019\/03\/Frauenlauf-2018-200x151.jpg 200w, https:\/\/swiss-soroptimist.ch\/wp-content\/uploads\/2019\/03\/Frauenlauf-2018-300x227.jpg 300w, https:\/\/swiss-soroptimist.ch\/wp-content\/uploads\/2019\/03\/Frauenlauf-2018-400x302.jpg 400w, https:\/\/swiss-soroptimist.ch\/wp-content\/uploads\/2019\/03\/Frauenlauf-2018-500x378.jpg 500w, https:\/\/swiss-soroptimist.ch\/wp-content\/uploads\/2019\/03\/Frauenlauf-2018-600x453.jpg 600w, https:\/\/swiss-soroptimist.ch\/wp-content\/uploads\/2019\/03\/Frauenlauf-2018-768x580.jpg 768w, https:\/\/swiss-soroptimist.ch\/wp-content\/uploads\/2019\/03\/Frauenlauf-2018-800x604.jpg 800w, https:\/\/swiss-soroptimist.ch\/wp-content\/uploads\/2019\/03\/Frauenlauf-2018-1024x773.jpg 1024w, https:\/\/swiss-soroptimist.ch\/wp-content\/uploads\/2019\/03\/Frauenlauf-2018.jpg 1200w\" sizes=\"(max-width: 1200px) 100vw, 1200px\" \/><\/a><\/p>\n<p>Photo Course F\u00e9minine de Berne 2018<\/p>\n","protected":false},"excerpt":{"rendered":"<p>Soroptimist \u00e0 la Course F\u00e9minine de Berne : courir et donner ! Le 16 juin 2019 aura lieu la Course F\u00e9minine de Berne (Frauenlauf). Cette ann\u00e9e les soroptimistes participent \u00e0 la course pour le \u00ab\u00a0projet de l\u2019Union \u00ab\u00a0Les femmes osent\u00a0!\u00a0\u00bb et soutiennent avec chaque kilom\u00e8tre parcouru l\u2019organisation medica mondiale, qui s\u2019investit pour les femmes et <a href=\"https:\/\/swiss-soroptimist.ch\/fr\/event\/16-06-2019-course-feminine-de-berne\/\"> [&#8230;]<\/a><\/p>\n","protected":false},"author":2,"featured_media":7275,"template":"","meta":{"_tribe_events_status":"","_tribe_events_status_reason":"","footnotes":""},"tags":[],"tribe_events_cat":[13,49],"class_list":["post-7274","tribe_events","type-tribe_events","status-publish","has-post-thumbnail","hentry","tribe_events_cat-frauenlauf-fr","tribe_events_cat-veranstaltungen-2019-fr","cat_frauenlauf-fr","cat_veranstaltungen-2019-fr"],"_links":{"self":[{"href":"https:\/\/swiss-soroptimist.ch\/fr\/wp-json\/wp\/v2\/tribe_events\/7274","targetHints":{"allow":["GET"]}}],"collection":[{"href":"https:\/\/swiss-soroptimist.ch\/fr\/wp-json\/wp\/v2\/tribe_events"}],"about":[{"href":"https:\/\/swiss-soroptimist.ch\/fr\/wp-json\/wp\/v2\/types\/tribe_events"}],"author":[{"embeddable":true,"href":"https:\/\/swiss-soroptimist.ch\/fr\/wp-json\/wp\/v2\/users\/2"}],"version-history":[{"count":6,"href":"https:\/\/swiss-soroptimist.ch\/fr\/wp-json\/wp\/v2\/tribe_events\/7274\/revisions"}],"predecessor-version":[{"id":7286,"href":"https:\/\/swiss-soroptimist.ch\/fr\/wp-json\/wp\/v2\/tribe_events\/7274\/revisions\/7286"}],"wp:featuredmedia":[{"embeddable":true,"href":"https:\/\/swiss-soroptimist.ch\/fr\/wp-json\/wp\/v2\/media\/7275"}],"wp:attachment":[{"href":"https:\/\/swiss-soroptimist.ch\/fr\/wp-json\/wp\/v2\/media?parent=7274"}],"wp:term":[{"taxonomy":"post_tag","embeddable":true,"href":"https:\/\/swiss-soroptimist.ch\/fr\/wp-json\/wp\/v2\/tags?post=7274"},{"taxonomy":"tribe_events_cat","embeddable":true,"href":"https:\/\/swiss-soroptimist.ch\/fr\/wp-json\/wp\/v2\/tribe_events_cat?post=7274"}],"curies":[{"name":"wp","href":"https:\/\/api.w.org\/{rel}","templated":true}]}}

16.06.2019 | Course Féminine de Berne

<h3><strong>Soroptimist à la Course Féminine de Berne : courir et donner !</strong></h3>
<p>Le 16 juin 2019 aura lieu la Course Féminine de Berne <a href="https://www.frauenlauf.ch/?lang=fr">(Frauenlauf).</a> Cette année les soroptimistes participent à la course pour le « <a href="https://swiss-soroptimist.ch/fr/portfolio-items/projet-de-lunion-2018-2020/"><em>projet de l’Union « Les femmes osent ! »</em></a> et soutiennent avec chaque kilomètre parcouru l’organisation <a href="https://www.medicamondiale.org/"><em>medica mondiale</em></a>, qui s’investit pour les femmes et jeunes filles dans les régions de guerre ou en crise. Chaque coureuse s’engage avant la manifestation à trouver des sponsors pour un ou plusieurs kilomètres de course et verse le montant directement par le club à l’Union. Tous nos remerciements pour vos dons !</p>
<p>Nous nous réjouissons de votre participation ! Naturellement les non-coureuses sont aussi les bienvenues pour nous encourager sur le parcours. Cliquez <a href="https://www.frauenlauf.ch/link-dinscription?lang=fr">ici</a> pour vous inscrire</p>
<p>&nbsp;</p>
<p>Plus d&rsquo;informations : <a href="mailto:comcom@swiss-soroptimist.ch">comcom@swiss-soroptimist.ch</a></p>
<p><a href="https://swiss-soroptimist.ch/wp-content/uploads/2019/03/Frauenlauf-2018.jpg"><img decoding="async" class="aligncenter size-full wp-image-7282" src="https://swiss-soroptimist.ch/wp-content/uploads/2019/03/Frauenlauf-2018.jpg" alt="" width="1200" height="906" srcset="https://swiss-soroptimist.ch/wp-content/uploads/2019/03/Frauenlauf-2018-200x151.jpg 200w, https://swiss-soroptimist.ch/wp-content/uploads/2019/03/Frauenlauf-2018-300x227.jpg 300w, https://swiss-soroptimist.ch/wp-content/uploads/2019/03/Frauenlauf-2018-400x302.jpg 400w, https://swiss-soroptimist.ch/wp-content/uploads/2019/03/Frauenlauf-2018-500x378.jpg 500w, https://swiss-soroptimist.ch/wp-content/uploads/2019/03/Frauenlauf-2018-600x453.jpg 600w, https://swiss-soroptimist.ch/wp-content/uploads/2019/03/Frauenlauf-2018-768x580.jpg 768w, https://swiss-soroptimist.ch/wp-content/uploads/2019/03/Frauenlauf-2018-800x604.jpg 800w, https://swiss-soroptimist.ch/wp-content/uploads/2019/03/Frauenlauf-2018-1024x773.jpg 1024w, https://swiss-soroptimist.ch/wp-content/uploads/2019/03/Frauenlauf-2018.jpg 1200w" sizes="(max-width: 1200px) 100vw, 1200px" /></a></p>
<p>Photo Course Féminine de Berne 2018</p>

<p>Soroptimist à la Course Féminine de Berne : courir et donner ! Le 16 juin 2019 aura lieu la Course Féminine de Berne (Frauenlauf). Cette année les soroptimistes participent à la course pour le « projet de l’Union « Les femmes osent ! » et soutiennent avec chaque kilomètre parcouru l’organisation medica mondiale, qui s’investit pour les femmes et <a href="https://swiss-soroptimist.ch/fr/event/16-06-2019-course-feminine-de-berne/"> [&#8230;]</a></p>
