{"id":12543,"date":"2021-04-08T15:24:29","date_gmt":"2021-04-08T13:24:29","guid":{"rendered":"https:\/\/swiss-soroptimist.ch\/?post_type=tribe_events&#038;p=12543"},"modified":"2021-04-08T15:25:17","modified_gmt":"2021-04-08T13:25:17","slug":"si-club-fricktal-30-geburtstag-verschoben","status":"publish","type":"tribe_events","link":"https:\/\/swiss-soroptimist.ch\/fr\/event\/si-club-fricktal-30-geburtstag-verschoben\/","title":{"rendered":"SI-Club Fricktal 30. Geburtstag: VERSCHOBEN"},"content":{"rendered":"<p>Auch unsere Jubil\u00e4umsfeier ist der Ungewissheit in Corona-Zeiten zum Opfer gefallen. Wir hoffen, dass im n\u00e4chsten Jahr eine Durchf\u00fchrung m\u00f6glich ist und bitten Dich\/Sie, den <strong>Samstag, 11.06.2022<\/strong> daf\u00fcr zu reservieren.<\/p>\n<p>Wir freuen uns.<\/p>\n","protected":false},"excerpt":{"rendered":"<p>Auch unsere Jubil\u00e4umsfeier ist der Ungewissheit in Corona-Zeiten zum Opfer gefallen. Wir hoffen, dass im n\u00e4chsten Jahr eine Durchf\u00fchrung m\u00f6glich ist und bitten Dich\/Sie, den Samstag, 11.06.2022 daf\u00fcr zu reservieren. Wir freuen uns.<\/p>\n","protected":false},"author":200,"featured_media":12311,"template":"","meta":{"_tribe_events_status":"","_tribe_events_status_reason":"","footnotes":""},"tags":[],"tribe_events_cat":[81],"class_list":["post-12543","tribe_events","type-tribe_events","status-publish","has-post-thumbnail","hentry","tribe_events_cat-veranstaltungen-2021-2","cat_veranstaltungen-2021-2"],"_links":{"self":[{"href":"https:\/\/swiss-soroptimist.ch\/fr\/wp-json\/wp\/v2\/tribe_events\/12543","targetHints":{"allow":["GET"]}}],"collection":[{"href":"https:\/\/swiss-soroptimist.ch\/fr\/wp-json\/wp\/v2\/tribe_events"}],"about":[{"href":"https:\/\/swiss-soroptimist.ch\/fr\/wp-json\/wp\/v2\/types\/tribe_events"}],"author":[{"embeddable":true,"href":"https:\/\/swiss-soroptimist.ch\/fr\/wp-json\/wp\/v2\/users\/200"}],"version-history":[{"count":2,"href":"https:\/\/swiss-soroptimist.ch\/fr\/wp-json\/wp\/v2\/tribe_events\/12543\/revisions"}],"predecessor-version":[{"id":12545,"href":"https:\/\/swiss-soroptimist.ch\/fr\/wp-json\/wp\/v2\/tribe_events\/12543\/revisions\/12545"}],"wp:featuredmedia":[{"embeddable":true,"href":"https:\/\/swiss-soroptimist.ch\/fr\/wp-json\/wp\/v2\/media\/12311"}],"wp:attachment":[{"href":"https:\/\/swiss-soroptimist.ch\/fr\/wp-json\/wp\/v2\/media?parent=12543"}],"wp:term":[{"taxonomy":"post_tag","embeddable":true,"href":"https:\/\/swiss-soroptimist.ch\/fr\/wp-json\/wp\/v2\/tags?post=12543"},{"taxonomy":"tribe_events_cat","embeddable":true,"href":"https:\/\/swiss-soroptimist.ch\/fr\/wp-json\/wp\/v2\/tribe_events_cat?post=12543"}],"curies":[{"name":"wp","href":"https:\/\/api.w.org\/{rel}","templated":true}]}}

<p>Auch unsere Jubiläumsfeier ist der Ungewissheit in Corona-Zeiten zum Opfer gefallen. Wir hoffen, dass im nächsten Jahr eine Durchführung möglich ist und bitten Dich/Sie, den <strong>Samstag, 11.06.2022</strong> dafür zu reservieren.</p>
<p>Wir freuen uns.</p>

<p>Auch unsere Jubiläumsfeier ist der Ungewissheit in Corona-Zeiten zum Opfer gefallen. Wir hoffen, dass im nächsten Jahr eine Durchführung möglich ist und bitten Dich/Sie, den Samstag, 11.06.2022 dafür zu reservieren. Wir freuen uns.</p>
