{"id":2861,"date":"2016-12-11T13:32:05","date_gmt":"2016-12-11T12:32:05","guid":{"rendered":"https:\/\/swiss-soroptimist.ch\/fr\/news-der-praesidentin\/"},"modified":"2018-01-17T20:57:37","modified_gmt":"2018-01-17T19:57:37","slug":"news-de-la-presidente","status":"publish","type":"page","link":"https:\/\/swiss-soroptimist.ch\/fr\/news-de-la-presidente\/","title":{"rendered":"NEWS DE LA PR\u00c9SIDENTE"},"content":{"rendered":"<div class=\"fusion-fullwidth fullwidth-box fusion-builder-row-1 nonhundred-percent-fullwidth non-hundred-percent-height-scrolling\" style=\"--awb-background-position:left top;--awb-border-radius-top-left:0px;--awb-border-radius-top-right:0px;--awb-border-radius-bottom-right:0px;--awb-border-radius-bottom-left:0px;--awb-padding-top:20px;--awb-padding-bottom:20px;--awb-background-color:#efefef;--awb-border-sizes-top:0px;--awb-border-sizes-bottom:0px;--awb-flex-wrap:wrap;\" ><div class=\"fusion-builder-row fusion-row\"><div class=\"fusion-layout-column fusion_builder_column fusion-builder-column-0 fusion_builder_column_1_1 1_1 fusion-one-full fusion-column-first fusion-column-last\" style=\"--awb-bg-size:cover;\"><div class=\"fusion-column-wrapper fusion-flex-column-wrapper-legacy\"><div class=\"fusion-sep-clear\"><\/div><div class=\"fusion-separator fusion-full-width-sep\" style=\"margin-left: auto;margin-right: auto;margin-top:30px;width:100%;\"><\/div><div class=\"fusion-sep-clear\"><\/div><div class=\"fusion-clearfix\"><\/div><\/div><\/div><div class=\"fusion-layout-column fusion_builder_column fusion-builder-column-1 fusion_builder_column_3_4 3_4 fusion-three-fourth fusion-column-first\" style=\"--awb-bg-size:cover;width:74%; margin-right: 4%;\"><div class=\"fusion-column-wrapper fusion-flex-column-wrapper-legacy\"><div class=\"fusion-text fusion-text-1\"><h3>NEWS DE LA PR\u00c9SIDENTE \u00ab\u00a0EL\u00c9ONORE PERRIER\u00a0\u00bb<\/h3>\n<p><img decoding=\"async\" class=\"alignnone size-full wp-image-4141\" src=\"https:\/\/swiss-soroptimist.ch\/wp-content\/uploads\/2016\/12\/Eleonore-Perrier-Praesidentin-Soroptimist-Switzerland.jpg\" alt=\"Eleonore-Perrier-Praesidentin-Soroptimist-Switzerland\" width=\"1574\" height=\"878\" srcset=\"https:\/\/swiss-soroptimist.ch\/wp-content\/uploads\/2016\/12\/Eleonore-Perrier-Praesidentin-Soroptimist-Switzerland-200x112.jpg 200w, https:\/\/swiss-soroptimist.ch\/wp-content\/uploads\/2016\/12\/Eleonore-Perrier-Praesidentin-Soroptimist-Switzerland-300x167.jpg 300w, https:\/\/swiss-soroptimist.ch\/wp-content\/uploads\/2016\/12\/Eleonore-Perrier-Praesidentin-Soroptimist-Switzerland-400x223.jpg 400w, https:\/\/swiss-soroptimist.ch\/wp-content\/uploads\/2016\/12\/Eleonore-Perrier-Praesidentin-Soroptimist-Switzerland-500x279.jpg 500w, https:\/\/swiss-soroptimist.ch\/wp-content\/uploads\/2016\/12\/Eleonore-Perrier-Praesidentin-Soroptimist-Switzerland-600x335.jpg 600w, https:\/\/swiss-soroptimist.ch\/wp-content\/uploads\/2016\/12\/Eleonore-Perrier-Praesidentin-Soroptimist-Switzerland-768x428.jpg 768w, https:\/\/swiss-soroptimist.ch\/wp-content\/uploads\/2016\/12\/Eleonore-Perrier-Praesidentin-Soroptimist-Switzerland-800x446.jpg 800w, https:\/\/swiss-soroptimist.ch\/wp-content\/uploads\/2016\/12\/Eleonore-Perrier-Praesidentin-Soroptimist-Switzerland-1024x571.jpg 1024w, https:\/\/swiss-soroptimist.ch\/wp-content\/uploads\/2016\/12\/Eleonore-Perrier-Praesidentin-Soroptimist-Switzerland-1200x669.jpg 1200w, https:\/\/swiss-soroptimist.ch\/wp-content\/uploads\/2016\/12\/Eleonore-Perrier-Praesidentin-Soroptimist-Switzerland.jpg 1574w\" sizes=\"(max-width: 1574px) 100vw, 1574px\" \/><\/p>\n<\/div><div class=\"fusion-clearfix\"><\/div><\/div><\/div><div class=\"fusion-layout-column fusion_builder_column fusion-builder-column-2 fusion_builder_column_1_4 1_4 fusion-one-fourth fusion-column-last\" style=\"--awb-padding-top:5%;--awb-padding-right:5%;--awb-padding-bottom:5%;--awb-padding-left:5%;--awb-bg-size:cover;width:22%;\"><div class=\"fusion-column-wrapper fusion-flex-column-wrapper-legacy\"><div class=\"fusion-sep-clear\"><\/div><div class=\"fusion-separator fusion-full-width-sep\" style=\"margin-left: auto;margin-right: auto;margin-top:65px;width:100%;\"><\/div><div class=\"fusion-sep-clear\"><\/div><div class=\"fusion-image-element in-legacy-container\" style=\"--awb-caption-title-font-family:var(--h2_typography-font-family);--awb-caption-title-font-weight:var(--h2_typography-font-weight);--awb-caption-title-font-style:var(--h2_typography-font-style);--awb-caption-title-size:var(--h2_typography-font-size);--awb-caption-title-transform:var(--h2_typography-text-transform);--awb-caption-title-line-height:var(--h2_typography-line-height);--awb-caption-title-letter-spacing:var(--h2_typography-letter-spacing);\"><span class=\" fusion-imageframe imageframe-none imageframe-1 hover-type-none\"><a class=\"fusion-no-lightbox\" href=\"https:\/\/photos.google.com\/share\/AF1QipOK2uWruqr_t-WWZxPrSgTwKgKSwyvaoJ_2MUfsAjWVq9fSIuWoYez4FCuizKwp_g?key=TEZaWEtETEFQVkpfd05rV2Ixck93bmFSd0JSNkhB\" target=\"_blank\" aria-label=\"lac-leman\" rel=\"noopener noreferrer\"><img decoding=\"async\" width=\"800\" height=\"502\" src=\"https:\/\/swiss-soroptimist.ch\/wp-content\/uploads\/2016\/12\/lac-leman.jpg\" alt class=\"img-responsive wp-image-7779\" srcset=\"https:\/\/swiss-soroptimist.ch\/wp-content\/uploads\/2016\/12\/lac-leman-200x126.jpg 200w, https:\/\/swiss-soroptimist.ch\/wp-content\/uploads\/2016\/12\/lac-leman-400x251.jpg 400w, https:\/\/swiss-soroptimist.ch\/wp-content\/uploads\/2016\/12\/lac-leman-600x377.jpg 600w, https:\/\/swiss-soroptimist.ch\/wp-content\/uploads\/2016\/12\/lac-leman.jpg 800w\" sizes=\"(max-width: 800px) 100vw, 400px\" \/><\/a><\/span><\/div><div class=\"fusion-sep-clear\"><\/div><div class=\"fusion-separator fusion-full-width-sep\" style=\"margin-left: auto;margin-right: auto;margin-top:5px;width:100%;\"><\/div><div class=\"fusion-sep-clear\"><\/div><div class=\"fusion-image-element in-legacy-container\" style=\"--awb-caption-title-font-family:var(--h2_typography-font-family);--awb-caption-title-font-weight:var(--h2_typography-font-weight);--awb-caption-title-font-style:var(--h2_typography-font-style);--awb-caption-title-size:var(--h2_typography-font-size);--awb-caption-title-transform:var(--h2_typography-text-transform);--awb-caption-title-line-height:var(--h2_typography-line-height);--awb-caption-title-letter-spacing:var(--h2_typography-letter-spacing);\"><span class=\" fusion-imageframe imageframe-none imageframe-2 hover-type-none\"><a class=\"fusion-no-lightbox\" href=\"https:\/\/photos.google.com\/share\/AF1QipOK2uWruqr_t-WWZxPrSgTwKgKSwyvaoJ_2MUfsAjWVq9fSIuWoYez4FCuizKwp_g?key=TEZaWEtETEFQVkpfd05rV2Ixck93bmFSd0JSNkhB\" target=\"_blank\" aria-label=\"eleonore-perrier\" rel=\"noopener noreferrer\"><img decoding=\"async\" width=\"800\" height=\"534\" src=\"https:\/\/swiss-soroptimist.ch\/wp-content\/uploads\/2016\/12\/Eleonore-Perrier.jpg\" alt class=\"img-responsive wp-image-7778\" srcset=\"https:\/\/swiss-soroptimist.ch\/wp-content\/uploads\/2016\/12\/Eleonore-Perrier-200x134.jpg 200w, https:\/\/swiss-soroptimist.ch\/wp-content\/uploads\/2016\/12\/Eleonore-Perrier-400x267.jpg 400w, https:\/\/swiss-soroptimist.ch\/wp-content\/uploads\/2016\/12\/Eleonore-Perrier-600x401.jpg 600w, https:\/\/swiss-soroptimist.ch\/wp-content\/uploads\/2016\/12\/Eleonore-Perrier.jpg 800w\" sizes=\"(max-width: 800px) 100vw, 400px\" \/><\/a><\/span><\/div><div class=\"fusion-sep-clear\"><\/div><div class=\"fusion-separator fusion-full-width-sep\" style=\"margin-left: auto;margin-right: auto;margin-top:5px;width:100%;\"><\/div><div class=\"fusion-sep-clear\"><\/div><div class=\"fusion-image-element in-legacy-container\" style=\"--awb-caption-title-font-family:var(--h2_typography-font-family);--awb-caption-title-font-weight:var(--h2_typography-font-weight);--awb-caption-title-font-style:var(--h2_typography-font-style);--awb-caption-title-size:var(--h2_typography-font-size);--awb-caption-title-transform:var(--h2_typography-text-transform);--awb-caption-title-line-height:var(--h2_typography-line-height);--awb-caption-title-letter-spacing:var(--h2_typography-letter-spacing);\"><span class=\" fusion-imageframe imageframe-none imageframe-3 hover-type-none\"><a class=\"fusion-no-lightbox\" href=\"https:\/\/photos.google.com\/share\/AF1QipOK2uWruqr_t-WWZxPrSgTwKgKSwyvaoJ_2MUfsAjWVq9fSIuWoYez4FCuizKwp_g?key=TEZaWEtETEFQVkpfd05rV2Ixck93bmFSd0JSNkhB\" target=\"_blank\" aria-label=\"soroptimists-switzerland\" rel=\"noopener noreferrer\"><img decoding=\"async\" width=\"800\" height=\"566\" src=\"https:\/\/swiss-soroptimist.ch\/wp-content\/uploads\/2016\/12\/Soroptimists-Switzerland.jpg\" alt class=\"img-responsive wp-image-7780\" srcset=\"https:\/\/swiss-soroptimist.ch\/wp-content\/uploads\/2016\/12\/Soroptimists-Switzerland-200x142.jpg 200w, https:\/\/swiss-soroptimist.ch\/wp-content\/uploads\/2016\/12\/Soroptimists-Switzerland-400x283.jpg 400w, https:\/\/swiss-soroptimist.ch\/wp-content\/uploads\/2016\/12\/Soroptimists-Switzerland-600x425.jpg 600w, https:\/\/swiss-soroptimist.ch\/wp-content\/uploads\/2016\/12\/Soroptimists-Switzerland.jpg 800w\" sizes=\"(max-width: 800px) 100vw, 400px\" \/><\/a><\/span><\/div><div class=\"fusion-clearfix\"><\/div><\/div><\/div><div class=\"fusion-layout-column fusion_builder_column fusion-builder-column-3 fusion_builder_column_1_1 1_1 fusion-one-full fusion-column-first fusion-column-last\" style=\"--awb-bg-size:cover;\"><div class=\"fusion-column-wrapper fusion-flex-column-wrapper-legacy\"><div class=\"fusion-text fusion-text-2\"><div class=\"page\" title=\"Page 1\">\n<div class=\"layoutArea\">\n<div class=\"column\">\n<h3><strong>Une premi\u00e8re ann\u00e9e tr\u00e8s active !<\/strong><\/h3>\n<p>Durant la premie\u00e8re anne\u00e9e de mon biennium, le Bureau et les clubs ont \u00e9t\u00e9 particuli\u00e8rement actifs. En voici un aper\u00e7u: Lors de l\u2019Assembl\u00e9e des D\u00e9l\u00e9gu\u00e9es, nous avons remis pour la premi\u00e8re fois trois Prix du \u00ab Best Practice Award \u00bb pour honorer le travail des clubs. Nous esp\u00e9rons bien \u00e9videmment tout autant de candidatures pour l\u2019\u00e9dition 2018 .<\/p>\n<p>La Commission des bourses n\u2019a jamais octroy\u00e9 autant de bourses, car nous avons pu lib\u00e9rer des fonds suppl\u00e9mentaires. Gr\u00e2ce \u00e4 vos dons pour le Projet de l\u2019Union \u00ab\u00a0Ensemble contre l&rsquo;illettrisme\u00a0\u00bb en collaboration avec l\u2019Association Lire et \u00f6crire, nous avons d\u00e9j\u00e0 pu accompagner plus de 75 femmes dans leur d\u00e9sir d\u2019apprendre ou de r\u00e9apprendre \u00e0 lire et \u00e0 \u00e9crire. Ce projet \u00e0 succ\u00e8s sera reconduit pour notre Swiss Soroptimist Day du 3 mars 2018. Certains Clubs ont organis\u00e9 des\u00e9v\u00e9nements, ou pr\u00e9voient de le faire, avec cette Association, afin de mieux faire conna\u00eetre les d\u00e9fis pos\u00e9s par l\u2019illettrisme. Et last but not least, Catherine Scheurer, Past Pr\u00e9sidente, a d\u00e9velopp\u00e9 le mentorat avec l\u2019\u00e9laboration d\u2019un fil rouge \u00e0 l\u2019attention des Clubs. Vous pourrez le consulter dans l\u2019intranet d\u2019ici quelques semaines.<\/p>\n<\/div>\n<\/div>\n<\/div>\n<div class=\"page\" title=\"Page 2\">\n<div class=\"section\">\n<div class=\"layoutArea\">\n<div class=\"column\">\n<p>Voil\u00e0, votre bureau et vous toutes dans les clubs ont bien travaill\u00e9 au cours de cette premi\u00e8re ann\u00e9e. Nous allons poursuivre nos efforts l&rsquo;ann\u00e9e prochaine afin d\u2019am\u00e9liorer la situation des femmes et des enfants, ainsi que d&rsquo;augmenter la visibilit\u00e9 du Soroptimist International gr\u00e2ce \u00e0 notre engagement. Je saisis l&rsquo;occasion de vous remercier chaleureusement pour votre collaboration efficace et votre soutien infaillible.<\/p>\n<\/div>\n<\/div>\n<\/div>\n<\/div>\n<\/div><div class=\"fusion-clearfix\"><\/div><\/div><\/div><div class=\"fusion-layout-column fusion_builder_column fusion-builder-column-4 fusion_builder_column_1_1 1_1 fusion-one-full fusion-column-first fusion-column-last fusion-column-no-min-height\" style=\"--awb-bg-size:cover;--awb-margin-bottom:0px;\"><div class=\"fusion-column-wrapper fusion-flex-column-wrapper-legacy\"><div class=\"fusion-sep-clear\"><\/div><div class=\"fusion-separator fusion-full-width-sep\" style=\"margin-left: auto;margin-right: auto;margin-top:50px;width:100%;\"><\/div><div class=\"fusion-sep-clear\"><\/div><div class=\"fusion-clearfix\"><\/div><\/div><\/div><\/div><\/div>\n","protected":false},"excerpt":{"rendered":"","protected":false},"author":2,"featured_media":0,"parent":0,"menu_order":0,"comment_status":"closed","ping_status":"closed","template":"100-width.php","meta":{"footnotes":""},"class_list":["post-2861","page","type-page","status-publish","hentry"],"_links":{"self":[{"href":"https:\/\/swiss-soroptimist.ch\/fr\/wp-json\/wp\/v2\/pages\/2861","targetHints":{"allow":["GET"]}}],"collection":[{"href":"https:\/\/swiss-soroptimist.ch\/fr\/wp-json\/wp\/v2\/pages"}],"about":[{"href":"https:\/\/swiss-soroptimist.ch\/fr\/wp-json\/wp\/v2\/types\/page"}],"author":[{"embeddable":true,"href":"https:\/\/swiss-soroptimist.ch\/fr\/wp-json\/wp\/v2\/users\/2"}],"replies":[{"embeddable":true,"href":"https:\/\/swiss-soroptimist.ch\/fr\/wp-json\/wp\/v2\/comments?post=2861"}],"version-history":[{"count":11,"href":"https:\/\/swiss-soroptimist.ch\/fr\/wp-json\/wp\/v2\/pages\/2861\/revisions"}],"predecessor-version":[{"id":4432,"href":"https:\/\/swiss-soroptimist.ch\/fr\/wp-json\/wp\/v2\/pages\/2861\/revisions\/4432"}],"wp:attachment":[{"href":"https:\/\/swiss-soroptimist.ch\/fr\/wp-json\/wp\/v2\/media?parent=2861"}],"curies":[{"name":"wp","href":"https:\/\/api.w.org\/{rel}","templated":true}]}}

NEWS DE LA PRÉSIDENTE

<div class="fusion-fullwidth fullwidth-box fusion-builder-row-1 nonhundred-percent-fullwidth non-hundred-percent-height-scrolling" style="--awb-background-position:left top;--awb-border-radius-top-left:0px;--awb-border-radius-top-right:0px;--awb-border-radius-bottom-right:0px;--awb-border-radius-bottom-left:0px;--awb-padding-top:20px;--awb-padding-bottom:20px;--awb-background-color:#efefef;--awb-border-sizes-top:0px;--awb-border-sizes-bottom:0px;--awb-flex-wrap:wrap;" ><div class="fusion-builder-row fusion-row"><div class="fusion-layout-column fusion_builder_column fusion-builder-column-0 fusion_builder_column_1_1 1_1 fusion-one-full fusion-column-first fusion-column-last" style="--awb-bg-size:cover;"><div class="fusion-column-wrapper fusion-flex-column-wrapper-legacy"><div class="fusion-sep-clear"></div><div class="fusion-separator fusion-full-width-sep" style="margin-left: auto;margin-right: auto;margin-top:30px;width:100%;"></div><div class="fusion-sep-clear"></div><div class="fusion-clearfix"></div></div></div><div class="fusion-layout-column fusion_builder_column fusion-builder-column-1 fusion_builder_column_3_4 3_4 fusion-three-fourth fusion-column-first" style="--awb-bg-size:cover;width:74%; margin-right: 4%;"><div class="fusion-column-wrapper fusion-flex-column-wrapper-legacy"><div class="fusion-text fusion-text-1"><h3>NEWS DE LA PRÉSIDENTE « ELÉONORE PERRIER »</h3>
<p><img decoding="async" class="alignnone size-full wp-image-4141" src="https://swiss-soroptimist.ch/wp-content/uploads/2016/12/Eleonore-Perrier-Praesidentin-Soroptimist-Switzerland.jpg" alt="Eleonore-Perrier-Praesidentin-Soroptimist-Switzerland" width="1574" height="878" srcset="https://swiss-soroptimist.ch/wp-content/uploads/2016/12/Eleonore-Perrier-Praesidentin-Soroptimist-Switzerland-200x112.jpg 200w, https://swiss-soroptimist.ch/wp-content/uploads/2016/12/Eleonore-Perrier-Praesidentin-Soroptimist-Switzerland-300x167.jpg 300w, https://swiss-soroptimist.ch/wp-content/uploads/2016/12/Eleonore-Perrier-Praesidentin-Soroptimist-Switzerland-400x223.jpg 400w, https://swiss-soroptimist.ch/wp-content/uploads/2016/12/Eleonore-Perrier-Praesidentin-Soroptimist-Switzerland-500x279.jpg 500w, https://swiss-soroptimist.ch/wp-content/uploads/2016/12/Eleonore-Perrier-Praesidentin-Soroptimist-Switzerland-600x335.jpg 600w, https://swiss-soroptimist.ch/wp-content/uploads/2016/12/Eleonore-Perrier-Praesidentin-Soroptimist-Switzerland-768x428.jpg 768w, https://swiss-soroptimist.ch/wp-content/uploads/2016/12/Eleonore-Perrier-Praesidentin-Soroptimist-Switzerland-800x446.jpg 800w, https://swiss-soroptimist.ch/wp-content/uploads/2016/12/Eleonore-Perrier-Praesidentin-Soroptimist-Switzerland-1024x571.jpg 1024w, https://swiss-soroptimist.ch/wp-content/uploads/2016/12/Eleonore-Perrier-Praesidentin-Soroptimist-Switzerland-1200x669.jpg 1200w, https://swiss-soroptimist.ch/wp-content/uploads/2016/12/Eleonore-Perrier-Praesidentin-Soroptimist-Switzerland.jpg 1574w" sizes="(max-width: 1574px) 100vw, 1574px" /></p>
</div><div class="fusion-clearfix"></div></div></div><div class="fusion-layout-column fusion_builder_column fusion-builder-column-2 fusion_builder_column_1_4 1_4 fusion-one-fourth fusion-column-last" style="--awb-padding-top:5%;--awb-padding-right:5%;--awb-padding-bottom:5%;--awb-padding-left:5%;--awb-bg-size:cover;width:22%;"><div class="fusion-column-wrapper fusion-flex-column-wrapper-legacy"><div class="fusion-sep-clear"></div><div class="fusion-separator fusion-full-width-sep" style="margin-left: auto;margin-right: auto;margin-top:65px;width:100%;"></div><div class="fusion-sep-clear"></div><div class="fusion-image-element in-legacy-container" style="--awb-caption-title-font-family:var(--h2_typography-font-family);--awb-caption-title-font-weight:var(--h2_typography-font-weight);--awb-caption-title-font-style:var(--h2_typography-font-style);--awb-caption-title-size:var(--h2_typography-font-size);--awb-caption-title-transform:var(--h2_typography-text-transform);--awb-caption-title-line-height:var(--h2_typography-line-height);--awb-caption-title-letter-spacing:var(--h2_typography-letter-spacing);"><span class=" fusion-imageframe imageframe-none imageframe-1 hover-type-none"><a class="fusion-no-lightbox" href="https://photos.google.com/share/AF1QipOK2uWruqr_t-WWZxPrSgTwKgKSwyvaoJ_2MUfsAjWVq9fSIuWoYez4FCuizKwp_g?key=TEZaWEtETEFQVkpfd05rV2Ixck93bmFSd0JSNkhB" target="_blank" aria-label="lac-leman" rel="noopener noreferrer"><img decoding="async" width="800" height="502" src="https://swiss-soroptimist.ch/wp-content/uploads/2016/12/lac-leman.jpg" alt class="img-responsive wp-image-7779" srcset="https://swiss-soroptimist.ch/wp-content/uploads/2016/12/lac-leman-200x126.jpg 200w, https://swiss-soroptimist.ch/wp-content/uploads/2016/12/lac-leman-400x251.jpg 400w, https://swiss-soroptimist.ch/wp-content/uploads/2016/12/lac-leman-600x377.jpg 600w, https://swiss-soroptimist.ch/wp-content/uploads/2016/12/lac-leman.jpg 800w" sizes="(max-width: 800px) 100vw, 400px" /></a></span></div><div class="fusion-sep-clear"></div><div class="fusion-separator fusion-full-width-sep" style="margin-left: auto;margin-right: auto;margin-top:5px;width:100%;"></div><div class="fusion-sep-clear"></div><div class="fusion-image-element in-legacy-container" style="--awb-caption-title-font-family:var(--h2_typography-font-family);--awb-caption-title-font-weight:var(--h2_typography-font-weight);--awb-caption-title-font-style:var(--h2_typography-font-style);--awb-caption-title-size:var(--h2_typography-font-size);--awb-caption-title-transform:var(--h2_typography-text-transform);--awb-caption-title-line-height:var(--h2_typography-line-height);--awb-caption-title-letter-spacing:var(--h2_typography-letter-spacing);"><span class=" fusion-imageframe imageframe-none imageframe-2 hover-type-none"><a class="fusion-no-lightbox" href="https://photos.google.com/share/AF1QipOK2uWruqr_t-WWZxPrSgTwKgKSwyvaoJ_2MUfsAjWVq9fSIuWoYez4FCuizKwp_g?key=TEZaWEtETEFQVkpfd05rV2Ixck93bmFSd0JSNkhB" target="_blank" aria-label="eleonore-perrier" rel="noopener noreferrer"><img decoding="async" width="800" height="534" src="https://swiss-soroptimist.ch/wp-content/uploads/2016/12/Eleonore-Perrier.jpg" alt class="img-responsive wp-image-7778" srcset="https://swiss-soroptimist.ch/wp-content/uploads/2016/12/Eleonore-Perrier-200x134.jpg 200w, https://swiss-soroptimist.ch/wp-content/uploads/2016/12/Eleonore-Perrier-400x267.jpg 400w, https://swiss-soroptimist.ch/wp-content/uploads/2016/12/Eleonore-Perrier-600x401.jpg 600w, https://swiss-soroptimist.ch/wp-content/uploads/2016/12/Eleonore-Perrier.jpg 800w" sizes="(max-width: 800px) 100vw, 400px" /></a></span></div><div class="fusion-sep-clear"></div><div class="fusion-separator fusion-full-width-sep" style="margin-left: auto;margin-right: auto;margin-top:5px;width:100%;"></div><div class="fusion-sep-clear"></div><div class="fusion-image-element in-legacy-container" style="--awb-caption-title-font-family:var(--h2_typography-font-family);--awb-caption-title-font-weight:var(--h2_typography-font-weight);--awb-caption-title-font-style:var(--h2_typography-font-style);--awb-caption-title-size:var(--h2_typography-font-size);--awb-caption-title-transform:var(--h2_typography-text-transform);--awb-caption-title-line-height:var(--h2_typography-line-height);--awb-caption-title-letter-spacing:var(--h2_typography-letter-spacing);"><span class=" fusion-imageframe imageframe-none imageframe-3 hover-type-none"><a class="fusion-no-lightbox" href="https://photos.google.com/share/AF1QipOK2uWruqr_t-WWZxPrSgTwKgKSwyvaoJ_2MUfsAjWVq9fSIuWoYez4FCuizKwp_g?key=TEZaWEtETEFQVkpfd05rV2Ixck93bmFSd0JSNkhB" target="_blank" aria-label="soroptimists-switzerland" rel="noopener noreferrer"><img decoding="async" width="800" height="566" src="https://swiss-soroptimist.ch/wp-content/uploads/2016/12/Soroptimists-Switzerland.jpg" alt class="img-responsive wp-image-7780" srcset="https://swiss-soroptimist.ch/wp-content/uploads/2016/12/Soroptimists-Switzerland-200x142.jpg 200w, https://swiss-soroptimist.ch/wp-content/uploads/2016/12/Soroptimists-Switzerland-400x283.jpg 400w, https://swiss-soroptimist.ch/wp-content/uploads/2016/12/Soroptimists-Switzerland-600x425.jpg 600w, https://swiss-soroptimist.ch/wp-content/uploads/2016/12/Soroptimists-Switzerland.jpg 800w" sizes="(max-width: 800px) 100vw, 400px" /></a></span></div><div class="fusion-clearfix"></div></div></div><div class="fusion-layout-column fusion_builder_column fusion-builder-column-3 fusion_builder_column_1_1 1_1 fusion-one-full fusion-column-first fusion-column-last" style="--awb-bg-size:cover;"><div class="fusion-column-wrapper fusion-flex-column-wrapper-legacy"><div class="fusion-text fusion-text-2"><div class="page" title="Page 1">
<div class="layoutArea">
<div class="column">
<h3><strong>Une première année très active !</strong></h3>
<p>Durant la premieère anneée de mon biennium, le Bureau et les clubs ont été particulièrement actifs. En voici un aperçu: Lors de l’Assemblée des Déléguées, nous avons remis pour la première fois trois Prix du « Best Practice Award » pour honorer le travail des clubs. Nous espérons bien évidemment tout autant de candidatures pour l’édition 2018 .</p>
<p>La Commission des bourses n’a jamais octroyé autant de bourses, car nous avons pu libérer des fonds supplémentaires. Grâce ä vos dons pour le Projet de l’Union « Ensemble contre l&rsquo;illettrisme » en collaboration avec l’Association Lire et öcrire, nous avons déjà pu accompagner plus de 75 femmes dans leur désir d’apprendre ou de réapprendre à lire et à écrire. Ce projet à succès sera reconduit pour notre Swiss Soroptimist Day du 3 mars 2018. Certains Clubs ont organisé desévénements, ou prévoient de le faire, avec cette Association, afin de mieux faire connaître les défis posés par l’illettrisme. Et last but not least, Catherine Scheurer, Past Présidente, a développé le mentorat avec l’élaboration d’un fil rouge à l’attention des Clubs. Vous pourrez le consulter dans l’intranet d’ici quelques semaines.</p>
</div>
</div>
</div>
<div class="page" title="Page 2">
<div class="section">
<div class="layoutArea">
<div class="column">
<p>Voilà, votre bureau et vous toutes dans les clubs ont bien travaillé au cours de cette première année. Nous allons poursuivre nos efforts l&rsquo;année prochaine afin d’améliorer la situation des femmes et des enfants, ainsi que d&rsquo;augmenter la visibilité du Soroptimist International grâce à notre engagement. Je saisis l&rsquo;occasion de vous remercier chaleureusement pour votre collaboration efficace et votre soutien infaillible.</p>
</div>
</div>
</div>
</div>
</div><div class="fusion-clearfix"></div></div></div><div class="fusion-layout-column fusion_builder_column fusion-builder-column-4 fusion_builder_column_1_1 1_1 fusion-one-full fusion-column-first fusion-column-last fusion-column-no-min-height" style="--awb-bg-size:cover;--awb-margin-bottom:0px;"><div class="fusion-column-wrapper fusion-flex-column-wrapper-legacy"><div class="fusion-sep-clear"></div><div class="fusion-separator fusion-full-width-sep" style="margin-left: auto;margin-right: auto;margin-top:50px;width:100%;"></div><div class="fusion-sep-clear"></div><div class="fusion-clearfix"></div></div></div></div></div>
